a + 92 = 0. Calculate the remainder when a is divided by 12.
10
Let z(b) = 2*b + 44. What is the remainder when (-123)/(-2)*(-2)/(-3) is divided by z(-15)?
13
Suppose 4*z - 100 = -0*z. Calculate the remainder when 49 is divided by z.
24
Let a = 39 + -23. Let o = 26 - a. What is the remainder when o is divided by 6?
4
Let t be (1/2)/(3/(-12)). What is the remainder when 20 is divided by 13/2 + (-1)/t?
6
Suppose -2*v - 2*l - 2*l = -32, 0 = -5*v + l + 80. What is the remainder when 45 is divided by v?
13
Suppose u - 5*i = -4*u + 115, u - 5*i - 43 = 0. Let k = 50 - 33. What is the remainder when (-1 - -4)/(u/294) is divided by k?
15
Let j be -4 - (-7 + 1) - -21. Let f = j + -19. Calculate the remainder when 11 is divided by f.
3
Let u = 46 + -67. Let f = 0 - u. Suppose 3*b - f = 21. Calculate the remainder when 27 is divided by b.
13
Suppose 300 = -17*h + 23*h. Calculate the remainder when h is divided by 26.
24
Suppose -3*i + 5*a - 7 = -0, -i + a = -1. Let k = -60 - -69. What is the remainder when k is divided by i?
3
Suppose 17 = g + u, 4*u - 8 = g - 0*u. Let t = 155 + -109. What is the remainder when t is divided by g?
10
Suppose 2*p = -p - 3, -3*l = 5*p - 13. Calculate the remainder when 45 is divided by l.
3
Let f(u) = u - 2. Let s = -6 + 11. Let m be f(s). Suppose -4*x = m*i - 43, -5*i + x + 93 = -3*x. Calculate the remainder when 33 is divided by i.
16
Calculate the remainder when 47 is divided by (1 + 0)/((-7)/(-84)).
11
Let l = -4 + 107. Calculate the remainder when l is divided by 15.
13
Suppose -30 = -2*n - n. What is the remainder when n is divided by 6?
4
Let i(d) = 4*d. Let f be i(7). Calculate the remainder when 40 is divided by (-1)/(1 + (-30)/f).
12
Let t = -79 + 146. Let v be 1184/12 + (-4)/6. Let j = v - t. Calculate the remainder when j is divided by 11.
9
Calculate the remainder when (-1)/(-4) + (-309)/(-12) is divided by 14.
12
Let v(h) = h**3 + 5*h**2 + h - 4. Calculate the remainder when v(-3) is divided by 3.
2
Suppose -l + 6 = x, -3*l + 26 = 5*x - 2*l. Suppose b - 76 = -3*b. Calculate the remainder when b is divided by x.
4
Let m(a) = -3*a**3 - 2*a**2 - 2*a - 1. Let p be m(-1). Suppose -p*v - 3*h - h = 8, -h = -v - 16. Let o = 41 + v. What is the remainder when o is divided by 10?
9
Let s(u) = 4*u**2 - 4*u + 3. Let m(i) = -i**2 + i - 1. Let g(z) = 5*m(z) + s(z). Let y be g(0). Let v = y + 3. What is the remainder when v is divided by 1?
0
Let o be 2 + (2 - 2 - -1). What is the remainder when 12 is divided by (1*(2 + o))/1?
2
Suppose -4*v - 20 = -0*v, q + 3*v = -4. What is the remainder when 19 is divided by q?
8
What is the remainder when (137 - -1)*2/4 is divided by (60/9 - 2)*3?
13
Let d = -16 - -27. Suppose 4*l - 20 = 0, -2*q - 2*l = 3*l - 89. Calculate the remainder when q is divided by d.
10
Let w be 2/(4/14)*1. Let j(s) = 2*s - 3. What is the remainder when j(w) is divided by 4?
3
Let f = -51 - -88. Calculate the remainder when f is divided by 19.
18
Let d(x) = 6*x + x**3 + 0 + 3 + 6*x**2 + 1 + 0*x**3. Calculate the remainder when 22 is divided by d(-4).
10
Let u(o) = o**3 - 4*o**2 - 4*o. Suppose 5*k - 5*y - 19 = -2*y, -2*k - 5*y = -20. Calculate the remainder when 9 is divided by u(k).
4
Let k(m) = -7*m + 1. Let x be k(-2). Suppose 4*v - x = 61. Calculate the remainder when (328/1)/8 - 6 is divided by v.
16
Suppose -2*s - 9 = -77. Suppose 0 = q - s - 19. Suppose -12 = -5*m + q. Calculate the remainder when 37 is divided by m.
11
Let u(h) = h**3 + 4*h**2 - 4*h + 2. What is the remainder when 34 is divided by u(-4)?
16
Let u = 4 + 1. Suppose -3*w = -2*w + u*j - 14, -w + 6 = j. Suppose 16 = 3*h - w*f, -h + 0*f = -2*f - 6. What is the remainder when 10 is divided by h?
2
Let i(j) = -j + 30. Let l = -6 - -10. Suppose 5*n + 13 - 37 = l*r, 3*n = -3*r + 36. Calculate the remainder when i(7) is divided by n.
7
Suppose 4*o - 172 = 2*u, 0*o = -o - 5*u + 43. Let z = 1 - 11. What is the remainder when o is divided by (z/(-4))/(8/48)?
13
Let r = -29 - -40. What is the remainder when 41 is divided by r?
8
Let w(n) = n**3 + 10*n**2. Let j be w(-10). Calculate the remainder when (2 + j)*(-64)/(-2) is divided by 22.
20
Let a(y) = 4*y. Let w be a(4). Suppose 4*f + w = 5*f. Calculate the remainder when f is divided by 9.
7
Suppose -5*s + 10 = -60. Suppose -s = 4*w - 38. Let r = 7 + 10. What is the remainder when r is divided by w?
5
Suppose 0 = 4*v - 132 + 44. Calculate the remainder when v is divided by 12.
10
Let a(s) = 3*s**2 + 3*s. Calculate the remainder when 15 is divided by a(-2).
3
Let y(v) = -6*v - 2. Let f be (-2)/((-2)/(1*4)). Suppose 2*j = -4*r + 88, -5*r + 0*r = -f*j - 84. What is the remainder when y(-10) is divided by r?
18
Let l(a) = 4*a - 2. Suppose -8 = 7*n - 379. What is the remainder when n is divided by l(4)?
11
Let s(o) = -o**3 + 17*o**2 - 15*o - 10. Calculate the remainder when 23 is divided by s(16).
5
Suppose -x = -11 - 2. Calculate the remainder when 25 is divided by x.
12
Let g(v) = 15*v**2 + 2*v - 1. Calculate the remainder when g(1) is divided by 6 - (0/1 + 0).
4
Suppose -3*s + 15 = 3. Suppose s*q = q + 33. Let w = 5 - -26. What is the remainder when w is divided by q?
9
Let j = -69 - -119. Calculate the remainder when j is divided by 26.
24
Suppose 3*k + 2*v + 3*v - 33 = 0, -2*k + 5*v = 3. Let i be k*1 - (1 + 1). What is the remainder when ((-30)/(-7))/(i/28) is divided by 16?
14
Let k(a) = -a**3 - 4*a**2 - 4*a - 6. What is the remainder when k(-5) is divided by 14?
11
Let z = 72 - 64. Calculate the remainder when 38 is divided by z.
6
Let u(k) be the first derivative of -k**2/2 - 2. What is the remainder when 2 + (3 + -87)/(-4) is divided by u(-6)?
5
Let h = -13 - -38. Calculate the remainder when h is divided by 9.
7
Suppose 0 = -3*z + 45. What is the remainder when 73 is divided by z?
13
Let t(x) = 4*x. What is the remainder when 45 is divided by t(3)?
9
Suppose f + 1 = -t + 6*f, 2*f = 3*t - 10. Suppose 2*l - 65 = -p, 0 = -t*l - 3*p - 15 + 142. Calculate the remainder when l is divided by 12.
10
Suppose -c + 9 = 1. Suppose -3*v + 0*v = -63. Calculate the remainder when v/(-4)*(-16)/6 is divided by c.
6
Suppose 0 = -4*l + 262 + 174. Calculate the remainder when l is divided by 24.
13
What is the remainder when (1584/120)/((-2)/(-10)) is divided by 23?
20
Let o(l) = -1 - 3 + 4 - 4 + 3*l. Calculate the remainder when 29 is divided by o(4).
5
Let c(v) = v - 10. Let s be c(9). Calculate the remainder when 1*3 - (-42 + s) is divided by 12.
10
Let l = 66 + -28. Let m(d) = -d**3 + 3*d**2 + 7*d + 1. Calculate the remainder when l is divided by m(4).
12
Let c = 48 + -31. What is the remainder when 48 is divided by c?
14
Let m(l) = -l**2 + 6*l - 4. Let d be m(4). What is the remainder when (1*-13)/(d/(-8)) is divided by 7?
5
Let m(f) = -f - 5. Let n(i) = i**3 - 9*i**2 + 11*i - 11. What is the remainder when n(8) is divided by m(-10)?
3
Let i(d) = 30*d**2 - 1. Let v be i(1). Suppose -83 = -3*n - v. Let m = 32 - n. What is the remainder when 40 is divided by m?
12
Suppose -a + 22 = -4*p, 3*a - 4*a = -2*p - 12. What is the remainder when 3 is divided by a?
1
Let f = 32 - 18. What is the remainder when (6/(-9))/((-4)/240) is divided by f?
12
Suppose 0 = -o + 2 + 5. What is the remainder when 12 is divided by o?
5
What is the remainder when 8 is divided by 6 - (0 + (4 - 0))?
0
Let v be (-6)/(-15)*-5*1. Calculate the remainder when (-875)/(-30) - (-2)/(-12) is divided by 3/v*-6 - -1.
9
Let y be (3/6)/(1/8). What is the remainder when (57/y)/((-15)/(-40)) is divided by 14?
10
Suppose 2*r + 876 = 5*r - t, 2*t - 1168 = -4*r. Suppose r = 5*d + 37. Suppose 2*b + b = d. Calculate the remainder when 33 is divided by b.
16
Let o = 48 - 28. Suppose -f - r + 6*r + o = 0, -4*f + 5*r + 155 = 0. Calculate the remainder when f is divided by 12.
9
Suppose -p + 36 = 5. Let j = 23 - 15. What is the remainder when p is divided by j?
7
Suppose -t = 6*f - 2*f - 137, 5*f - 4*t - 187 = 0. Calculate the remainder when f is divided by 118/10 - 1/(-5).
11
Let i = 8 - -20. What is the remainder when i is divided by 10?
8
Let c(g) = -11*g**3 - 2*g**2 - 2*g - 1. Calculate the remainder when (24/(-16) - 1/(-2))*-29 is divided by c(-1).
9
Suppose 6 = 4*l - 10. Calculate the remainder when 11 is divided by (2 + (-15)/12)*l.
2
Let n(b) = b**2 - 